**2 - 24*b + 6. Calculate the remainder when (-72)/(-5) - (-4)/(-10) is divided by t(14).
2
Let s(a) = 8*a - 148. Let w(g) = -g**2 + 27*g - 4. Let o be w(26). Suppose -1 + 6 = i. Calculate the remainder when s(o) is divided by i.
3
Let y be (-42)/(-8) - 3/12. Suppose 138 - 6 = 11*x. Suppose -c = -n - x - 8, y*n = 4*c - 77. Calculate the remainder when c is divided by 8.
7
Suppose -4*i = 17*i - 420. Let b = 22 - -16. Suppose -5*s = -147 - b. What is the remainder when s is divided by i?
17
Let p(j) = -7*j**2 + 49*j + 7. Suppose 4*f - 22*f = -126. Calculate the remainder when 146 is divided by p(f).
6
Let s be 5*(-24)/(-30) + -4. Suppose 3*g + 3*w = 75, 4*g - 4*w = -s*w + 132. What is the remainder when 49 is divided by g?
20
Let g = 10388 - 9788. What is the remainder when g is divided by 102?
90
Suppose -742 + 3124 = 21*i - 999. Calculate the remainder when 622 is divided by i.
139
Let y = -224 - -637. Let d = -392 + y. Calculate the remainder when 61 is divided by d.
19
Let v = 281 + -71. Suppose -3*x = 7*x + 150. Calculate the remainder when 11 is divided by 448/v + (1 - (-17)/x).
1
Let r(f) = -80*f - 1596. Calculate the remainder when 1204 is divided by r(-20).
0
Suppose 0 = 4*h + 3 - 23. Suppose -4*y + y + 97 = 4*p, h*p + 34 = 2*y. What is the remainder when y is divided by 11?
5
Let t(q) = -q**2 - 7*q - 1. Let i(z) = 4*z - 60. Let a be i(13). What is the remainder when 174/6 - (a - -3) is divided by t(-5)?
7
Let k(n) = -2 + 0 - 4 + 4 + n. Let r be k(5). Suppose -2*c - 277 = -r*w, -12 = -3*c - 0*c. Calculate the remainder when w is divided by 48.
47
Let o = 7870 - 2893. What is the remainder when o is divided by 1659?
0
Let m = 1 + 2. Let n(q) = -q**3 + 21*q**2 + 16*q - 329. Calculate the remainder when (-1*63)/(-3) + m is divided by n(21).
3
Suppose -9*z + 12*z = 0. Suppose z*j = 3*j - 15. Calculate the remainder when (-4)/(-18) - (j + (-420)/54) is divided by 3.
0
Suppose 0 = 2*z - 0 - 4. Suppose 7 = -c - s, s + z*s - 3 = c. Let w = 11 + c. Calculate the remainder when w is divided by 3.
2
Suppose 3*b = -5*p + 863 - 179, b + 3*p - 232 = 0. Let k(r) = -r**2 + 45*r - 186. Calculate the remainder when b is divided by k(5).
13
Let x = 49 - 33. Suppose -2*v - v = 2*g - 15, -4*g = 2*v - 10. Suppose y + 0*j = 5*j + 73, 3*y - 259 = v*j. Calculate the remainder when y is divided by x.
13
Let c be 4/(-7) - (-14136)/42. Let s = c + -319. Calculate the remainder when s is divided by 7.
3
Let a = 81 - -3. Let d = a + -80. Let s(h) = -h**3 + 6*h**2 - 9*h + 20. What is the remainder when s(d) is divided by 6?
4
Let t(d) = 138*d**2 - 5*d - 10. What is the remainder when 9040 is divided by t(-1)?
129
What is the remainder when (-608)/8*((-72)/(-32) - 8) is divided by 82?
27
Let u be (22 - 26)/(1/(-13) + 0). Suppose 0 = -b + 5*g + u, 2*g - 130 = -5*b + g. Calculate the remainder when 47 is divided by b.
20
Calculate the remainder when 4/(-18) + (-6455)/(-9) is divided by (-5 + 0 + 91/13)*(38 - -2).
77
Suppose -4*o + 0 = 5*l - 4, 4*l = -o + 1. Suppose -s - 2*s - 9 = l. What is the remainder when s/((-3)/71) + 2 is divided by 25?
23
Suppose 0*p = 2*p - 24. Let q = 9340 - 9213. What is the remainder when q is divided by p?
7
Suppose 22*o - 28*o + 60 = 0. Calculate the remainder when 4212/130*o/2 is divided by 41.
39
Suppose -3*z = 3*z - 258. Calculate the remainder when -5*((-137)/5 - -3) is divided by z.
36
Suppose 500 = 24*k - 14*k. What is the remainder when 349 is divided by k?
49
Suppose -4*n - 14732 = -5*f, 3*f + 8*n - 8848 = 6*n. What is the remainder when f is divided by 24?
20
Suppose 53*p = 49*p + 392. Suppose 2*c - 5*h + 15 = 0, 2*c - 4*h = -8 - 2. Calculate the remainder when p is divided by (c/(-2))/((-7)/70).
23
Suppose -199 = -3*i + 2*g, -34*i + 36*i - 135 = -g. What is the remainder when i is divided by 11?
1
Let c = -190 + 183. Let w(l) = -l**3 - 4*l**2 - 9*l - 129. Calculate the remainder when w(c) is divided by 23.
12
Suppose 15*t - 35332 = 4*t. Suppose -16*n - 6*n + t = 0. Calculate the remainder when n is divided by 77.
69
Suppose 2*k = 0, 0 = 3*r - 4*k + 8*k - 18. Suppose 8*j + r = 10*j. What is the remainder when (222/(-296))/((-2 + 3)/(-8)) is divided by j?
0
Suppose -3*w - 2*w - 5*f = 20, 0 = 3*w + f + 14. Let c = -2 - w. Calculate the remainder when 141 is divided by (c + (-27)/5)*(-12 + 2).
21
Let l(d) be the second derivative of -d**3 + 25*d**2/2 - 5*d. Suppose -5*f + 0*f = -5, 90 = j - 5*f. Calculate the remainder when j is divided by l(-4).
46
Suppose 0 = -4*l + 30 + 6. Calculate the remainder when 5 - (-2397)/34 - (-14 + 429/22) is divided by l.
7
What is the remainder when ((1055908/21)/43)/(4/18) is divided by 13?
10
Let m = 113 - 52. Suppose -5*g + 8*d = 10*d - 43, 3*g - 30 = 3*d. What is the remainder when m is divided by g?
7
What is the remainder when 3 - (-162102)/90 - (-2)/(-15) is divided by 13?
10
Suppose -114*y + 16289 = -39799. Calculate the remainder when y is divided by 15.
12
Suppose -4*u = -5*f + 95 - 597, 0 = 5*u + 3*f - 646. What is the remainder when u is divided by 13?
11
What is the remainder when (9*(-116 + 17))/(-1) is divided by 23?
17
Let h = -41 + 51. Suppose s = -5*y + 32, -h = -y - 8. Calculate the remainder when 85 is divided by s.
19
Let i = 310 - 91. What is the remainder when 9633 is divided by i?
216
Suppose 5*v + 51 = 11, 2*v = -2*f + 29518. What is the remainder when f is divided by 52?
51
Suppose -5 = -20*h + 13*h + 23. Let f(p) = 2*p**2 - 2. Let g be 1/2 - 3/(-2). Calculate the remainder when f(g) is divided by h.
2
Let u(i) = -i**3 + 4*i**2 + 7*i - 10. Let x be u(4). Suppose 66 = -3*o - 3*g, x + 19 = -o - 4*g. Let k = o + 37. Calculate the remainder when k is divided by 8.
4
Let v = -307 + 305. Calculate the remainder when 218 is divided by ((-1)/v)/((-11)/(-220)*2).
3
Let a = -28250 - -28476. What is the remainder when 4741 is divided by a?
221
Let a(b) = -3*b**2 + 77*b - 189. Calculate the remainder when a(19) is divided by 127.
64
Suppose 290*n + 7 = 291*n, 4*n = -2*q + 6602. What is the remainder when q is divided by 16?
7
Let f(o) = 7*o**2 + 122*o + 569. What is the remainder when f(-11) is divided by 21?
11
Let y(s) = s + 42. Let u(x) = x + 41. Let n(o) = 6*u(o) - 5*y(o). Suppose w = 3*m + 8, 2*w - 4*w + 16 = 5*m. What is the remainder when 173 is divided by n(w)?
41
Let l = 6308 + -6342. Suppose 2*d - 2*p + 122 = 0, 2*d - 4*d = -4*p + 128. Let g = l - d. What is the remainder when 35 is divided by g?
11
What is the remainder when 30/4*(-18)/(-30)*3594/9 is divided by 100?
97
Let o = -114 - -114. Suppose 3*h = 4*c - 144, 14*c - 10*c - 2*h - 140 = o. What is the remainder when 163 is divided by c?
31
Suppose -26*x + 432 + 1908 = 0. What is the remainder when ((-52)/5)/((0 - 9)/x) is divided by 22?
16
Suppose -36*t - 1301 = -11417. What is the remainder when t is divided by 57?
53
Suppose -42*p = -49*p + 3353. What is the remainder when p is divided by 117?
11
Suppose -768 - 3 = -3*v. Calculate the remainder when v is divided by (-1)/(-17) - (-6468)/(-24990) - 262/(-10).
23
Let g = 111 - 92. Let a(t) = 18*t + 6. Let d(i) = -i**2 + 5*i + 3. Let n be d(3). Calculate the remainder when a(n) is divided by g.
16
Let y = 79 - 22. Calculate the remainder when y is divided by (164 - 165) + 12*-1*8/(-3).
26
Suppose 2136*l = 2131*l + 1705. What is the remainder when 9884 is divided by l?
336
Suppose -4*u + 8 = -4*q, 3 = -u - 5*q + q. Calculate the remainder when u/(-1) + -195*24/(-18) is divided by 4.
3
Suppose 4*q = r - 2168, -2*r + 1624 + 2652 = 4*q. What is the remainder when r is divided by 269?
265
Let d(k) = 18*k**2 - k**3 + 256*k - 278*k - 25*k**2 - 32. Calculate the remainder when 20 is divided by d(-4).
4
Suppose 0 = 310*j + 16*j - 11084. Calculate the remainder when 2019 is divided by j.
13
Suppose -9*u = -36*u + 201 + 420. What is the remainder when 1587 is divided by u?
0
Let k = 709 + -695. Suppose -14*u = k*u - 18648. Calculate the remainder when u is divided by 23.
22
Calculate the remainder when 1872 + (4 - 979/88) + 1/8 is divided by 108.
29
Calculate the remainder when 1658/6 - (4 - (-50)/(-30)) is divided by 94.
86
Let x = 1 - -2. Suppose 3*n - 33 = -2*o + x*o, 0 = n + 2*o - 4. Calculate the remainder when 22 is divided by n/(-25) + (-5)/((-25)/72).
8
Calculate the remaind